n base 2, what is 10001001001 + -110?
10001000011
In base 6, what is -1 + -443?
-444
In base 10, what is -249 - -3?
-246
In base 12, what is -3 - -82?
7b
In base 16, what is 1 + 2d5?
2d6
In base 7, what is 4241 + 5?
4246
In base 7, what is -34 - -114?
50
In base 8, what is -3 + -1327?
-1332
In base 6, what is 13 - 103?
-50
In base 8, what is -3 + -2?
-5
In base 11, what is -4 - -7?
3
In base 11, what is -255 - 0?
-255
In base 6, what is 3 + -3311?
-3304
In base 3, what is 211010 + -10?
211000
In base 5, what is -2214 + 32?
-2132
In base 14, what is -45 + -3?
-48
In base 7, what is 10163 + 0?
10163
In base 4, what is 0 + -3230?
-3230
In base 9, what is -2 + -286?
-288
In base 7, what is -3 - -16?
13
In base 11, what is 1 + 89?
8a
In base 6, what is -5 - 343?
-352
In base 6, what is 41 - -4?
45
In base 8, what is 3 - 45?
-42
In base 8, what is -226 + 17?
-207
In base 7, what is -211 - -52?
-126
In base 13, what is 11 + -59?
-48
In base 14, what is -104 + -3?
-107
In base 8, what is -31254 + 0?
-31254
In base 3, what is -2 - 111?
-120
In base 16, what is -2 - 15?
-17
In base 6, what is 1230 + -4?
1222
In base 6, what is -13102 + 3?
-13055
In base 9, what is -1425 - 3?
-1428
In base 7, what is 2 - -24?
26
In base 3, what is 11000112 - -1?
11000120
In base 7, what is -2664 - 2?
-2666
In base 2, what is 11 + -110111?
-110100
In base 3, what is -100211 + 0?
-100211
In base 16, what is 105 - 5?
100
In base 2, what is -101 - -1010110000?
1010101011
In base 11, what is 82a + -25?
805
In base 15, what is -8 - -dc?
d4
In base 16, what is -2ae + -6?
-2b4
In base 11, what is 42 - -a?
51
In base 9, what is 3 + 13716?
13720
In base 2, what is 101 + -10100010100?
-10100001111
In base 11, what is -2516 - -1?
-2515
In base 8, what is -25 + 35?
10
In base 14, what is 0 + 2c?
2c
In base 4, what is 100 - -12122?
12222
In base 8, what is -2 + 673?
671
In base 8, what is -3 - -165?
162
In base 6, what is -33042 + 4?
-33034
In base 2, what is -101111 - 101?
-110100
In base 3, what is -102101 - -12?
-102012
In base 15, what is -2 - -c5?
c3
In base 13, what is 207 - 2?
205
In base 5, what is -422141 + -2?
-422143
In base 2, what is 10011000 + -101?
10010011
In base 14, what is -15 + 1a?
5
In base 4, what is 22 + 3?
31
In base 3, what is -10 - -112010?
112000
In base 4, what is 331 - 102?
223
In base 6, what is 23 + -132?
-105
In base 9, what is -3 + -46?
-50
In base 11, what is 256 - 6?
250
In base 9, what is -62 - -5?
-56
In base 12, what is -4 + 56?
52
In base 14, what is -d48 + 3?
-d45
In base 8, what is 3 - -5533?
5536
In base 5, what is 12 - -124?
141
In base 3, what is -10220 + 222?
-2221
In base 12, what is 106 + -6?
100
In base 4, what is -10023 - -2?
-10021
In base 3, what is -1 - -1020?
1012
In base 11, what is 233 + 1?
234
In base 8, what is 0 + -24?
-24
In base 5, what is -1031 - 10?
-1041
In base 15, what is -3d + -6?
-44
In base 3, what is 1001 - -112?
1120
In base 10, what is -9 - 21?
-30
In base 12, what is -3 - -403?
400
In base 8, what is 1363 + 2?
1365
In base 16, what is 5 - -5a?
5f
In base 15, what is 1 + a7b?
a7c
In base 15, what is -7 - 8a?
-92
In base 5, what is 31220 + -10?
31210
In base 14, what is 15 + -65?
-50
In base 4, what is 1 - -11320?
11321
In base 2, what is -1011101 + -1100?
-1101001
In base 9, what is -1 + 87?
86
In base 5, what is 1 - -10?
11
In base 13, what is 1c5a + -2?
1c58
In base 16, what is -e85 + 0?
-e85
In base 6, what is 423 + 1?
424
In base 16, what is 14ee + -3?
14eb
In base 11, what is 24 + 40?
64
In base 9, what is 28 + -328?
-300
In base 4, what is -11 - 301210?
-301221
In base 15, what is 566 + 3?
569
In base 11, what is 4 + -106a?
-1066
In base 10, what is 4 + 175?
179
In base 15, what is 2 - -40?
42
In base 16, what is 5 + -4f?
-4a
In base 3, what is -10122 + 2?
-10120
In base 6, what is 4 + 430?
434
In base 7, what is 2 - -444?
446
In base 13, what is -8 + -3b6?
-3c1
In base 11, what is 0 + 2617?
2617
In base 10, what is -3 + -206?
-209
In base 16, what is 4e8a + -1?
4e89
In base 12, what is 4a + 1?
4b
In base 6, what is -343 - -242?
-101
In base 9, what is -4266 - 5?
-4272
In base 7, what is 2 + 31?
33
In base 16, what is -3 + -fd?
-100
In base 9, what is -4 - 485?
-500
In base 4, what is 10 - -10331?
11001
In base 10, what is 12 + 55?
67
In base 9, what is 11 + 4?
15
In base 2, what is 101 + 1000101011?
1000110000
In base 15, what is -7d4 - 7?
-7db
In base 3, what is 12 + 2122210?
2122222
In base 7, what is -4 - -11?
4
In base 2, what is -100011111 + -101?
-100100100
In base 12, what is 5 - 2?
3
In base 11, what is 23 + -54?
-31
In base 2, what is -1111 - -1?
-1110
In base 12, what is -29 + 4?
-25
In base 11, what is 4 - -76?
7a
In base 6, what is 5 + -10?
-1
In base 6, what is -3 - 304?
-311
In base 2, what is -1001 - 101101?
-110110
In base 9, what is -3 - -148?
145
In base 7, what is -3 - 53?
-56
In base 14, what is 2 - 287?
-285
In base 10, what is -8 + 10?
2
In base 5, what is -2 - 24442?
-24444
In base 7, what is 51 + -556?
-505
In base 12, what is -484a + 0?
-484a
In base 12, what is -b9 + -12?
-10b
In base 15, what is -3 + -ac?
-b0
In base 11, what is 2 - 172?
-170
In base 11, what is 1336 + 0?
1336
In base 9, what is -5 + -5861?
-5866
In base 4, what is -1013113 + -3?
-1013122
In base 13, what is 2003 + 1?
2004
In base 4, what is 10123 + -2?
10121
In base 16, what is 1fea - 1?
1fe9
In base 10, what is -47 - -79?
32
In base 6, what is 11 - -113?
124
In base 11, what is 3365 + -2?
3363
In base 2, what is 1111 + 11010101?
11100100
In base 9, what is -8183 - -3?
-8180
In base 9, what is -1 + 5108?
5107
In base 12, what is 0 + -b2?
-b2
In base 4, what is -221 + 31?
-130
In base 9, what is -2 - -84?
82
In base 15, what is 5 + 18?
1d
In base 9, what is 12515 + -3?
12512
In base 6, what is 1 + -33342?
-33341
In base 12, what is 3 - 73?
-70
In base 14, what is 2 + 66?
68
In base 10, what is 3 - 62?
-59
In base 16, what is 6 + 4?
a
In base 15, what is -325 - 5?
-32a
In base 5, what is -21210 - 2?
-21212
In base 9, what is -1 - -177?
176
In base 3, what is -12 - 102020?
-102102
In base 14, what is 40a - -4?
410
In base 12, what is 1b6 + 4?
1ba
In base 16, what is 0 + 3e?
3e
In base 6, what is -5 + -53?
-102
In base 7, what is 24 + -44?
-20
In base 10, what is 10 + -17?
-7
In base 14, what is -c9 - -4?
-c5
In base 2, what is 11 + -100011011?
-100011000
In base 2, what is 1001010 - 1001011?
-1
In base 10, what is -1003 - 4?
-1007
In base 13, what is -792 - 2?
-794
In base 14, what is 2 - -4c?
50
In base 4, what is 122312 + -1?
122311
In base 16, what is 1 + 8d9?
8da
In base 15, what is -3 - 34?
-37
In base 10, what is -201 + 18?
-183
In base 14, what is -c1 - -d?
-b2
In base 15, what is aaa - -4?
aae
In base 10, what is -29 + 9?
-20
In base 2, what is -1011 - -111101?
110010
In base 7, what is -1453 - -1?
-1452
In base 14, what is -54 + 3?
-51
In base 15, what is 273 - 1?
272
In base 2, what is 100101 - 1?
100100
In base 7, what is 1 + 51?
52
In base 6, what is 10 + -5551?
-5541
In base 11, what is -847a + -3?
-8482
In base 11, what is 3 + -32?
-2a
In base 13, what is 70 + -3?
6a
In base 10, what is -127 - 22?
-149
In base 7, what is -200 + 21?
-146
In base 6, what is -1042103 - 3?
-1042110
In base 6, what is 341 + -2?
335
In base 15, what is 86 + -7?
7e
In base 16, what is -7 - -1cc?
1c5
In base 12, what is -83 + 18?
-67
In base 5, what is 11 - -4?
20
In base 16, what is -8 + 6d?
65
In base 13, what is -12c7 + -2?
-12c9
In base 8, what is 367 + 10?
377
In base 12, what is -5 + -89?
-92
In base 14, what is 35a - 1?
359
In base 9, what is 601 + 16?
617
In base 13, what is -19 - a?
-26
In base 12, what is -4 - 66?
-6a
In base 14, what is a + -34?
-28
In base 16, what is -41d - b?
-428
In base 15, what is 3a7 - -5?
3ac
In base 10, what is -2 - -573?
571
In base 10, what is 35 + 110?
145
In base 8, what is 2 - -672?
674
In base 12, what is -3 - 301?
-304
In base 7, what is -130 - 53?
-213
In base 11, what is -783 + -5?
-788
In base 2, what is 1000 + -1000110?
-111110
In base 9, what is 876 - 3?
873
In base 4, what is -110132 + 11?
-110121
In base 14, what is 9 + 1dc?
207
In base 10, what is -108 + -18?
-126
In base 15, what is -e - 5e?
-6d
In base 16, what is 94 - 1e?
76
In base 11, what is 48 - 30?
18
In base 9, w